lculate the greatest common divisor of 12540 and 420.
60
Calculate the greatest common divisor of 98599 and 3.
1
Calculate the greatest common factor of 43056 and 920.
184
Calculate the highest common factor of 33 and 60247.
11
What is the greatest common factor of 24682 and 1312?
82
What is the greatest common factor of 418 and 46094?
38
What is the highest common divisor of 148 and 2220?
148
Calculate the highest common divisor of 83270 and 682.
22
Calculate the greatest common factor of 2360 and 168976.
472
Calculate the highest common divisor of 621 and 108.
27
What is the highest common divisor of 55 and 384065?
55
Calculate the greatest common factor of 2686 and 2890.
34
What is the highest common factor of 60 and 749610?
30
What is the greatest common divisor of 1560067 and 23?
23
Calculate the greatest common divisor of 13750 and 44.
22
Calculate the greatest common factor of 127180 and 80.
20
What is the greatest common factor of 19360 and 1430?
110
Calculate the greatest common divisor of 4275 and 11025.
225
What is the highest common factor of 134 and 1541?
67
What is the highest common divisor of 57 and 31141?
19
What is the greatest common divisor of 895 and 6845?
5
What is the greatest common divisor of 7202 and 390?
26
What is the greatest common factor of 819643 and 22?
11
What is the highest common factor of 611 and 110331?
13
What is the greatest common divisor of 540 and 101700?
180
What is the highest common factor of 1334 and 8509586?
1334
What is the highest common divisor of 7293 and 6864?
429
What is the greatest common divisor of 300534 and 156?
78
Calculate the highest common factor of 2758 and 788.
394
Calculate the highest common divisor of 4591925 and 195.
65
Calculate the highest common divisor of 75960 and 5.
5
What is the greatest common factor of 312 and 367032?
24
What is the greatest common divisor of 2 and 4547?
1
Calculate the highest common factor of 245 and 66205.
5
What is the greatest common factor of 1962 and 162?
18
What is the highest common divisor of 66789 and 2009?
41
Calculate the highest common factor of 3708 and 7296.
12
Calculate the greatest common factor of 355 and 34009.
71
What is the greatest common factor of 5 and 4285055?
5
Calculate the highest common divisor of 7936 and 2.
2
Calculate the highest common divisor of 548198 and 224.
14
Calculate the greatest common divisor of 98 and 558.
2
What is the highest common factor of 1120 and 33355?
35
What is the highest common divisor of 154 and 9786?
14
What is the greatest common factor of 17 and 7677?
1
What is the highest common divisor of 2715 and 85?
5
Calculate the greatest common divisor of 1722182 and 422.
422
Calculate the highest common divisor of 147651 and 4450.
89
Calculate the greatest common factor of 46718 and 28.
14
Calculate the greatest common divisor of 2303 and 5969.
47
What is the highest common factor of 223526 and 146?
146
What is the highest common factor of 68750 and 88?
22
Calculate the greatest common divisor of 2835 and 13635.
135
Calculate the greatest common divisor of 649 and 6325.
11
Calculate the greatest common divisor of 16 and 67200.
16
What is the greatest common factor of 84949 and 171?
19
Calculate the greatest common divisor of 3 and 2718.
3
What is the greatest common factor of 1503 and 3681?
9
Calculate the highest common factor of 46746 and 374922.
954
Calculate the greatest common factor of 15408 and 3300.
12
What is the highest common factor of 1288 and 630959?
161
What is the greatest common divisor of 11 and 871651?
11
Calculate the greatest common divisor of 2363119 and 187.
187
What is the highest common factor of 14848 and 656896?
512
What is the greatest common factor of 4067 and 673?
1
Calculate the greatest common divisor of 37017 and 95970.
1371
What is the highest common factor of 6457200 and 1200?
1200
What is the highest common factor of 110 and 30734?
22
What is the greatest common divisor of 108470 and 40?
10
What is the greatest common factor of 460 and 2856?
4
Calculate the highest common factor of 209015 and 85.
85
Calculate the greatest common factor of 1953 and 126.
63
What is the greatest common divisor of 1968138 and 486?
162
What is the highest common factor of 153 and 38331?
9
What is the greatest common divisor of 364035 and 315?
105
Calculate the greatest common factor of 1099 and 252.
7
What is the greatest common factor of 21630 and 394?
2
Calculate the greatest common divisor of 85596 and 1008.
84
What is the highest common factor of 1223860 and 220?
220
Calculate the greatest common divisor of 1742 and 19564.
134
Calculate the greatest common factor of 2898 and 39186.
126
What is the highest common divisor of 170 and 18394?
34
Calculate the highest common factor of 287 and 497.
7
What is the highest common divisor of 17822 and 115374?
938
What is the highest common divisor of 685828 and 2180?
436
Calculate the greatest common factor of 154697 and 339.
113
What is the highest common divisor of 160 and 1628080?
80
What is the greatest common factor of 338 and 1391377?
169
What is the highest common divisor of 5420 and 1184812?
1084
Calculate the greatest common factor of 99 and 14517.
9
Calculate the highest common divisor of 181 and 5165921.
181
Calculate the highest common divisor of 430 and 618598.
86
Calculate the highest common factor of 73078 and 3782.
122
What is the highest common divisor of 274487 and 159?
53
What is the highest common factor of 94 and 755666?
94
Calculate the greatest common divisor of 4222 and 207.
1
What is the greatest common divisor of 208532 and 259?
37
What is the greatest common factor of 336 and 9012?
12
Calculate the greatest common divisor of 2970 and 38390.
110
Calculate the greatest common factor of 7353 and 6192.
387
What is the highest common factor of 823152 and 8976?
528
What is the highest common factor of 60 and 4630?
10
Calculate the greatest common divisor of 582270 and 1170.
390
What is the greatest common divisor of 624 and 2665?
13
What is the highest common divisor of 312697 and 1771?
77
Calculate the highest common factor of 32 and 338416.
16
Calculate the greatest common factor of 22 and 25399.
11
Calculate the highest common factor of 39961 and 449.
449
What is the highest common factor of 5291 and 25604?
37
What is the greatest common factor of 7180 and 340?
20
Calculate the highest common factor of 24939 and 612.
153
Calculate the highest common divisor of 4365 and 495.
45
What is the highest common divisor of 43 and 1338289?
43
What is the highest common factor of 7106 and 10868?
418
What is the greatest common divisor of 8385 and 20085?
195
Calculate the highest common factor of 308239 and 241.
241
Calculate the highest common divisor of 1147 and 32209.
31
What is the highest common factor of 560 and 38848?
16
Calculate the greatest common divisor of 2035033 and 2247.
749
What is the highest common factor of 63139 and 2987?
103
Calculate the greatest common divisor of 981468 and 137.
137
What is the highest common factor of 21501 and 207?
9
What is the greatest common factor of 24479 and 5551?
91
Calculate the greatest common divisor of 33584638 and 158.
158
Calculate the highest common divisor of 485 and 14162.
97
What is the greatest common factor of 31770 and 570?
30
Calculate the highest common divisor of 48597 and 10767.
291
Calculate the highest common divisor of 1135174 and 57.
19
Calculate the highest common divisor of 133212 and 204.
204
Calculate the highest common factor of 53641 and 1027.
79
What is the greatest common divisor of 1723597 and 46?
23
What is the greatest common divisor of 1908 and 658737?
477
Calculate the greatest common divisor of 26 and 6318.
26
What is the greatest common factor of 30566 and 1394?
34
Calculate the highest common divisor of 15080 and 39624.
104
What is the highest common factor of 683070 and 30?
30
What is the highest common divisor of 507225 and 600?
75
Calculate the highest common divisor of 275 and 302665.
55
Calculate the greatest common divisor of 15872 and 136028.
124
What is the greatest common factor of 4901 and 29783?
377
What is the greatest common divisor of 216 and 459?
27
What is the highest common factor of 5852 and 18634?
154
Calculate the greatest